{"id":1306,"date":"2023-09-16T03:36:52","date_gmt":"2023-09-16T03:36:52","guid":{"rendered":"http:\/\/biasaigonmiendong.vn\/?post_type=product&#038;p=1306"},"modified":"2023-09-16T03:36:52","modified_gmt":"2023-09-16T03:36:52","slug":"bia-333","status":"publish","type":"product","link":"https:\/\/biasaigonmiendong.vn\/?product=bia-333","title":{"rendered":"Bia 333"},"content":{"rendered":"<p><strong>\u201c3 TINH HOA \u2013 V\u1eca HUY\u1ec0N THO\u1ea0I&#8221;\u00a0<\/strong><\/p>\n<div style=\"width: 1020px;\" class=\"wp-video\"><video class=\"wp-video-shortcode\" id=\"video-1306-1\" width=\"1020\" height=\"574\" autoplay preload=\"metadata\" controls=\"controls\"><source type=\"video\/mp4\" src=\"http:\/\/biasaigonmiendong.vn\/wp-content\/uploads\/2023\/09\/333-Credentials-45s-North-Midres.mp4?_=1\" \/><a href=\"http:\/\/biasaigonmiendong.vn\/wp-content\/uploads\/2023\/09\/333-Credentials-45s-North-Midres.mp4\">http:\/\/biasaigonmiendong.vn\/wp-content\/uploads\/2023\/09\/333-Credentials-45s-North-Midres.mp4<\/a><\/video><\/div>\n<p>L\u00e0 th\u01b0\u01a1ng hi\u1ec7u bia lon \u0111\u1ea7u ti\u00ean \u0111\u01b0\u1ee3c s\u1ea3n xu\u1ea5t t\u1ea1i th\u1ecb tr\u01b0\u1eddng Vi\u1ec7t Nam k\u1ec3 t\u1eeb n\u0103m 1985. Bia 333 l\u00e0 th\u00e0nh qu\u1ea3 k\u1ebft h\u1ee3p t\u1eeb nh\u1eefng g\u00ec tinh t\u00fay nh\u1ea5t c\u1ee7a 3 qu\u1ed1c gia: v\u1edbi hoa bia Hallertau t\u1eeb v\u00f9ng Bavaria n\u01b0\u1edbc \u0110\u1ee9c, c\u00f4ng th\u1ee9c tr\u0103m n\u0103m k\u1ebf th\u1eeba t\u1eeb Ph\u00e1p v\u00e0 \u0111\u01b0\u1ee3c \u1ee7 b\u1edfi t\u00e0i n\u0103ng v\u00e0 tinh th\u1ea7n c\u1ee7a c\u00e1c ngh\u1ec7 nh\u00e2n n\u1ea5u bia Vi\u1ec7t Nam. Ch\u00ednh c\u00e1c y\u1ebfu t\u1ed1 \u0111\u00f3 \u0111\u00e3 \u0111ang mang l\u1ea1i h\u01b0\u01a1ng bia n\u1ed3ng n\u00e0n v\u00e0 v\u1ecb bia \u0111\u1ea7y \u0111\u1eb7n \u0111\u1eb7c tr\u01b0ng c\u1ee7a Bia 333. Tr\u1ea3i nghi\u1ec7m v\u1ecb Bia 333 l\u00e0 tr\u1ea3i nghi\u1ec7m v\u1ecb bia huy\u1ec1n tho\u1ea1i \u0111\u00e3 kh\u00f4ng ng\u1eebng \u0111\u01b0\u1ee3c k\u1ebf th\u1eeba v\u00e0 g\u00ecn gi\u1eef su\u1ed1t h\u01a1n 140 n\u0103m qua.<\/p>\n","protected":false},"excerpt":{"rendered":"<p><img loading=\"lazy\" decoding=\"async\" class=\"size-medium wp-image-1310 aligncenter\" src=\"http:\/\/biasaigonmiendong.vn\/wp-content\/uploads\/2023\/09\/333-frame3-800x299.jpg\" alt=\"\" width=\"800\" height=\"299\" srcset=\"https:\/\/biasaigonmiendong.vn\/wp-content\/uploads\/2023\/09\/333-frame3-800x299.jpg 800w, https:\/\/biasaigonmiendong.vn\/wp-content\/uploads\/2023\/09\/333-frame3-1400x522.jpg 1400w, https:\/\/biasaigonmiendong.vn\/wp-content\/uploads\/2023\/09\/333-frame3-768x287.jpg 768w, https:\/\/biasaigonmiendong.vn\/wp-content\/uploads\/2023\/09\/333-frame3-1536x573.jpg 1536w, https:\/\/biasaigonmiendong.vn\/wp-content\/uploads\/2023\/09\/333-frame3-600x224.jpg 600w, https:\/\/biasaigonmiendong.vn\/wp-content\/uploads\/2023\/09\/333-frame3.jpg 1600w\" sizes=\"auto, (max-width: 800px) 100vw, 800px\" \/><\/p>\n<p><strong>Ch\u1ee7ng lo\u1ea1i s\u1ea3n ph\u1ea9m:\u00a0<\/strong>Bia 333<\/p>\n<p><strong>Th\u00e0nh ph\u1ea7n:<\/strong>\u00a0N\u01b0\u1edbc, Malt \u0111\u1ea1i m\u1ea1ch, Ng\u0169 c\u1ed1c, Hoa bia.<\/p>\n<p><strong>Bao b\u00ec:<\/strong>\u00a0\u0111\u00f3ng trong lon nh\u00f4m, 24 lon\/th\u00f9ng carton<\/p>\n<p><strong>H\u01b0\u1edbng d\u1eabn s\u1eed d\u1ee5ng:<\/strong>\u00a0Ngon h\u01a1n khi u\u1ed1ng l\u1ea1nh, t\u1ed1t nh\u1ea5t \u1edf 10 \u2013 15 \u0111\u1ed9 C.<\/p>\n<p><strong>H\u01b0\u1edbng d\u1eabn b\u1ea3o qu\u1ea3n:<\/strong><\/p>\n<ul>\n<li>B\u1ea3o qu\u1ea3n n\u01a1i kh\u00f4 r\u00e1o v\u00e0 tho\u00e1ng m\u00e1t.<\/li>\n<li>Tr\u00e1nh ti\u1ebfp x\u00fac tr\u1ef1c ti\u1ebfp v\u1edbi ngu\u1ed3n n\u00f3ng ho\u1eb7c \u00e1nh s\u00e1ng m\u1eb7t tr\u1eddi.<\/li>\n<\/ul>\n<p><strong>Th\u1ecb tr\u01b0\u1eddng:\u00a0<\/strong>Bia lon 333 \u0111\u01b0\u1ee3c s\u1ea3n xu\u1ea5t v\u00e0 ph\u00e2n ph\u1ed1i r\u1ed9ng r\u00e3i tr\u00ean c\u1ea3 n\u01b0\u1edbc.<\/p>\n","protected":false},"featured_media":1309,"template":"","meta":[],"product_cat":[131],"product_tag":[],"class_list":{"0":"post-1306","1":"product","2":"type-product","3":"status-publish","4":"has-post-thumbnail","6":"product_cat-san-pham","8":"first","9":"instock","10":"shipping-taxable","11":"product-type-simple"},"yoast_head":"<!-- This site is optimized with the Yoast SEO plugin v15.8 - https:\/\/yoast.com\/wordpress\/plugins\/seo\/ -->\n<title>Bia 333 - biasaigonmiendong.vn<\/title>\n<meta name=\"robots\" content=\"index, follow, max-snippet:-1, max-image-preview:large, max-video-preview:-1\" \/>\n<link rel=\"canonical\" href=\"http:\/\/biasaigonmiendong.vn\/?product=bia-333\" \/>\n<meta property=\"og:locale\" content=\"vi_VN\" \/>\n<meta property=\"og:type\" content=\"article\" \/>\n<meta property=\"og:title\" content=\"Bia 333 - biasaigonmiendong.vn\" \/>\n<meta property=\"og:description\" content=\"Ch\u1ee7ng lo\u1ea1i s\u1ea3n ph\u1ea9m:\u00a0Bia 333  Th\u00e0nh ph\u1ea7n:\u00a0N\u01b0\u1edbc, Malt \u0111\u1ea1i m\u1ea1ch, Ng\u0169 c\u1ed1c, Hoa bia.  Bao b\u00ec:\u00a0\u0111\u00f3ng trong lon nh\u00f4m, 24 lon\/th\u00f9ng carton  H\u01b0\u1edbng d\u1eabn s\u1eed d\u1ee5ng:\u00a0Ngon h\u01a1n khi u\u1ed1ng l\u1ea1nh, t\u1ed1t nh\u1ea5t \u1edf 10 \u2013 15 \u0111\u1ed9 C.  H\u01b0\u1edbng d\u1eabn b\u1ea3o qu\u1ea3n:   B\u1ea3o qu\u1ea3n n\u01a1i kh\u00f4 r\u00e1o v\u00e0 tho\u00e1ng m\u00e1t.  Tr\u00e1nh ti\u1ebfp x\u00fac tr\u1ef1c ti\u1ebfp v\u1edbi ngu\u1ed3n n\u00f3ng ho\u1eb7c \u00e1nh s\u00e1ng m\u1eb7t tr\u1eddi.  Th\u1ecb tr\u01b0\u1eddng:\u00a0Bia lon 333 \u0111\u01b0\u1ee3c s\u1ea3n xu\u1ea5t v\u00e0 ph\u00e2n ph\u1ed1i r\u1ed9ng r\u00e3i tr\u00ean c\u1ea3 n\u01b0\u1edbc.\" \/>\n<meta property=\"og:url\" content=\"http:\/\/biasaigonmiendong.vn\/?product=bia-333\" \/>\n<meta property=\"og:site_name\" content=\"biasaigonmiendong.vn\" \/>\n<meta property=\"og:image\" content=\"https:\/\/biasaigonmiendong.vn\/wp-content\/uploads\/2023\/09\/img_333_thumnail.png\" \/>\n\t<meta property=\"og:image:width\" content=\"200\" \/>\n\t<meta property=\"og:image:height\" content=\"200\" \/>\n<meta name=\"twitter:card\" content=\"summary_large_image\" \/>\n<meta name=\"twitter:label1\" content=\"Est. reading time\">\n\t<meta name=\"twitter:data1\" content=\"1 ph\u00fat\">\n<script type=\"application\/ld+json\" class=\"yoast-schema-graph\">{\"@context\":\"https:\/\/schema.org\",\"@graph\":[{\"@type\":\"WebSite\",\"@id\":\"https:\/\/biasaigonmiendong.vn\/#website\",\"url\":\"https:\/\/biasaigonmiendong.vn\/\",\"name\":\"biasaigonmiendong.vn\",\"description\":\"\",\"potentialAction\":[{\"@type\":\"SearchAction\",\"target\":\"https:\/\/biasaigonmiendong.vn\/?s={search_term_string}\",\"query-input\":\"required name=search_term_string\"}],\"inLanguage\":\"vi\"},{\"@type\":\"ImageObject\",\"@id\":\"http:\/\/biasaigonmiendong.vn\/?product=bia-333#primaryimage\",\"inLanguage\":\"vi\",\"url\":\"https:\/\/biasaigonmiendong.vn\/wp-content\/uploads\/2023\/09\/img_333_thumnail.png\",\"width\":200,\"height\":200},{\"@type\":\"WebPage\",\"@id\":\"http:\/\/biasaigonmiendong.vn\/?product=bia-333#webpage\",\"url\":\"http:\/\/biasaigonmiendong.vn\/?product=bia-333\",\"name\":\"Bia 333 - biasaigonmiendong.vn\",\"isPartOf\":{\"@id\":\"https:\/\/biasaigonmiendong.vn\/#website\"},\"primaryImageOfPage\":{\"@id\":\"http:\/\/biasaigonmiendong.vn\/?product=bia-333#primaryimage\"},\"datePublished\":\"2023-09-16T03:36:52+00:00\",\"dateModified\":\"2023-09-16T03:36:52+00:00\",\"breadcrumb\":{\"@id\":\"http:\/\/biasaigonmiendong.vn\/?product=bia-333#breadcrumb\"},\"inLanguage\":\"vi\",\"potentialAction\":[{\"@type\":\"ReadAction\",\"target\":[\"http:\/\/biasaigonmiendong.vn\/?product=bia-333\"]}]},{\"@type\":\"BreadcrumbList\",\"@id\":\"http:\/\/biasaigonmiendong.vn\/?product=bia-333#breadcrumb\",\"itemListElement\":[{\"@type\":\"ListItem\",\"position\":1,\"item\":{\"@type\":\"WebPage\",\"@id\":\"https:\/\/biasaigonmiendong.vn\/\",\"url\":\"https:\/\/biasaigonmiendong.vn\/\",\"name\":\"Trang ch\\u1ee7\"}},{\"@type\":\"ListItem\",\"position\":2,\"item\":{\"@type\":\"WebPage\",\"@id\":\"https:\/\/biasaigonmiendong.vn\/?page_id=10\",\"url\":\"https:\/\/biasaigonmiendong.vn\/?page_id=10\",\"name\":\"Shop\"}},{\"@type\":\"ListItem\",\"position\":3,\"item\":{\"@type\":\"WebPage\",\"@id\":\"http:\/\/biasaigonmiendong.vn\/?product=bia-333\",\"url\":\"http:\/\/biasaigonmiendong.vn\/?product=bia-333\",\"name\":\"Bia 333\"}}]}]}<\/script>\n<!-- \/ Yoast SEO plugin. -->","_links":{"self":[{"href":"https:\/\/biasaigonmiendong.vn\/index.php?rest_route=\/wp\/v2\/product\/1306","targetHints":{"allow":["GET"]}}],"collection":[{"href":"https:\/\/biasaigonmiendong.vn\/index.php?rest_route=\/wp\/v2\/product"}],"about":[{"href":"https:\/\/biasaigonmiendong.vn\/index.php?rest_route=\/wp\/v2\/types\/product"}],"wp:featuredmedia":[{"embeddable":true,"href":"https:\/\/biasaigonmiendong.vn\/index.php?rest_route=\/wp\/v2\/media\/1309"}],"wp:attachment":[{"href":"https:\/\/biasaigonmiendong.vn\/index.php?rest_route=%2Fwp%2Fv2%2Fmedia&parent=1306"}],"wp:term":[{"taxonomy":"product_cat","embeddable":true,"href":"https:\/\/biasaigonmiendong.vn\/index.php?rest_route=%2Fwp%2Fv2%2Fproduct_cat&post=1306"},{"taxonomy":"product_tag","embeddable":true,"href":"https:\/\/biasaigonmiendong.vn\/index.php?rest_route=%2Fwp%2Fv2%2Fproduct_tag&post=1306"}],"curies":[{"name":"wp","href":"https:\/\/api.w.org\/{rel}","templated":true}]}}